{"id":719,"date":"2021-07-29T12:27:50","date_gmt":"2021-07-29T10:27:50","guid":{"rendered":"https:\/\/www.psychose-seminar.de\/?page_id=719"},"modified":"2021-07-29T12:27:50","modified_gmt":"2021-07-29T10:27:50","slug":"entlastung-von-angehoerigen","status":"publish","type":"page","link":"https:\/\/www.psychose-seminar.de\/?page_id=719","title":{"rendered":"Entlastung von Angeh\u00f6rigen"},"content":{"rendered":"\n<p>Protokoll vom 16.06.2021<\/p>\n\n\n\n<p><strong>1.<\/strong><\/p>\n\n\n\n<p>Nicht nur die Betroffenen sind durch die Erkrankung belastet, sondern auch die Angeh\u00f6rigen. Kennen Sie Belastungen, denen Angeh\u00f6rige ausgesetzt sind?<\/p>\n\n\n\n<p>Austausch<\/p>\n\n\n\n<p><strong>2<\/strong>.<\/p>\n\n\n\n<p>Frage: Wie k\u00f6nnen Angeh\u00f6rige entlastet werden?<\/p>\n\n\n\n<ul><li>Gut f\u00fcr sich selber sorgen. Nur, wenn man selber fit ist, kann man auch anderen helfen.<\/li><li>Gelegenheiten nutzen, ohne den Betroffenen zu entspannen. F\u00fcr psychisch Erkrankte gibt es M\u00f6glichkeiten an Freizeitaktivit\u00e4ten teilzunehmen. (z. B. bei der Kette)<\/li><li>Ein soziales Umfeld kann helfen und entlasten. Man muss dann entscheiden, ob man sich outet oder die Krankheit verschweigt. Dies kann auch unterschiedlich von Person zu Person gehandhabt werden.<\/li><li>Hilfe suchen<\/li><li>Einrichtungen beanspruchen<\/li><li>Auch sein eigenes Leben leben.<\/li><li>Sozialpsychiatrischen Dienst nutzen.<\/li><li>Idee: Ehrenamtlicher Besucherdienst f\u00fcr psychisch Kranke.<\/li><li>Ex-In (Genesungsbegleiter) k\u00f6nnen helfen<\/li><li>In einer Stadt wurde ein Nachtcafe von Betroffenen gegr\u00fcndet, weil die Betroffenen oft in der Nacht Hilfe brauchen.<\/li><li>Angeh\u00f6rigengruppen<\/li><li>Psychoseseminare<\/li><li>Gespr\u00e4che in der Kette<\/li><li>Sich abl\u00f6sen lassen<\/li><\/ul>\n","protected":false},"excerpt":{"rendered":"<p>Protokoll vom 16.06.2021 1. Nicht nur die Betroffenen sind durch die Erkrankung belastet, sondern auch die Angeh\u00f6rigen. Kennen Sie Belastungen, denen Angeh\u00f6rige ausgesetzt sind? Austausch 2. Frage: Wie k\u00f6nnen Angeh\u00f6rige entlastet werden? Gut f\u00fcr sich selber sorgen. Nur, wenn man selber fit ist, kann man auch anderen helfen. Gelegenheiten nutzen, ohne den Betroffenen zu entspannen. [&hellip;]<\/p>\n","protected":false},"author":2,"featured_media":0,"parent":14,"menu_order":-181,"comment_status":"closed","ping_status":"closed","template":"","meta":[],"_links":{"self":[{"href":"https:\/\/www.psychose-seminar.de\/index.php?rest_route=\/wp\/v2\/pages\/719"}],"collection":[{"href":"https:\/\/www.psychose-seminar.de\/index.php?rest_route=\/wp\/v2\/pages"}],"about":[{"href":"https:\/\/www.psychose-seminar.de\/index.php?rest_route=\/wp\/v2\/types\/page"}],"author":[{"embeddable":true,"href":"https:\/\/www.psychose-seminar.de\/index.php?rest_route=\/wp\/v2\/users\/2"}],"replies":[{"embeddable":true,"href":"https:\/\/www.psychose-seminar.de\/index.php?rest_route=%2Fwp%2Fv2%2Fcomments&post=719"}],"version-history":[{"count":1,"href":"https:\/\/www.psychose-seminar.de\/index.php?rest_route=\/wp\/v2\/pages\/719\/revisions"}],"predecessor-version":[{"id":720,"href":"https:\/\/www.psychose-seminar.de\/index.php?rest_route=\/wp\/v2\/pages\/719\/revisions\/720"}],"up":[{"embeddable":true,"href":"https:\/\/www.psychose-seminar.de\/index.php?rest_route=\/wp\/v2\/pages\/14"}],"wp:attachment":[{"href":"https:\/\/www.psychose-seminar.de\/index.php?rest_route=%2Fwp%2Fv2%2Fmedia&parent=719"}],"curies":[{"name":"wp","href":"https:\/\/api.w.org\/{rel}","templated":true}]}}