{"id":630,"date":"2020-03-14T15:26:07","date_gmt":"2020-03-14T13:26:07","guid":{"rendered":"https:\/\/www.psychose-seminar.info\/?page_id=630"},"modified":"2020-03-14T15:26:07","modified_gmt":"2020-03-14T13:26:07","slug":"partnerschaft-trotz-psychischer-erkrankung","status":"publish","type":"page","link":"https:\/\/www.psychose-seminar.de\/?page_id=630","title":{"rendered":"Partnerschaft trotz psychischer Erkrankung?"},"content":{"rendered":"\n<p><strong>Protokoll des Psychoseseminars vom 16.10.19<br><br>Anwesend: ca. 14 Personen<br><br>Moderation: Herr Schmidt, Frau Schulz<br>Protokoll: Frau Els\u00e4sser, Frau Dzemailova<br>Flipchart: Frau Sieburg.<br><br>Teil 1:<\/strong><br><br>Eingangsfrage: Warum geht man \u00fcberhaupt eine Partnerschaft ein?<br><br>Die Teilnehmer nennen Stichworte, die auf Karten geschrieben und auf dem Boden verteilt werden.<br><br>Liebe, Vertrauen, Kinder, Sympathie, Sexualit\u00e4t, Gemeinsamkeit, Gef\u00fchle, Geborgenheit, Sicherheit (materiell), Sicherheit (nicht mehr suchen zu m\u00fcssen), Verbundenheit, Steuervorteile.<br><br>Zweite Frage: Was \u00e4ndert sich, wenn man psychisch erkrankt ist?<br><br>Die Zuverl\u00e4ssigkeit leidet auf beiden Seiten.<br><br>Pers\u00f6nlichkeitsver\u00e4nderung kann vorkommen und die Partnerschaft belasten.<br><br>\u201eIch merkte, mit mir passiert etwas, aber ich wusste nicht was es war. Mein Mann wusste auch nicht weiter. Letztendlich ist die Ehe gescheitert.\u201c<br><br>\u201eDie Liebe bleibt, die Kinder bleiben. Wir haben es trotz Erkrankung geschafft.\u201c<br><br>\u201eEs kommt auf die Erwartungshaltung an. Ich bin aus Selbstschutz Single.\u201c<br><br>\u201eWir hatten Gl\u00fcck, dass wir uns in einer Selbsthilfegruppe kennengelernt haben, denn so blieb das Schockmoment aus.\u201c<br><br>Dritte Frage: Welche Schwierigkeiten ergeben sich, wenn man eine Beziehung haben m\u00f6chte?<br><br>\u201eBei einer Partnerschaft kann man nicht kontrollieren, was alles mit einem passieren kann, aus Selbstschutz bleibt man lieber Single. Verliebtsein als eine Art der Psychose zu nennen, ist sehr gewagt. Bevor es Schwierigkeiten geben kann, verzichte ich lieber.\u201c<br><br>\u201eAngst vor Ungewissem, dass etwas schiefgeht.\u201c<br><br>\u201eWenn man eine Familie hat, kann durch die Erkrankung die finanzielle Sicherheit gef\u00e4hrdet sein. Zum Beispiel als Alleinverdiener.\u201c<br><br>\u201eMan st\u00f6\u00dft auf Ablehnung, weil man kein Auto hat oder in der Werkstatt arbeitet.\u201c<br><br>\u201eIm Moment w\u00e4re es f\u00fcr mich vorstellbar, in zwei Wohnungen zu leben mit Partnerschaft.\u201c<br><br><strong>Pause<\/strong><br><br>Passagen aus Ulrich Schaffer:  Ich wage es<br>(Wegen Copyright nicht im Online Archive)<br><br><strong>Schlussfrage: <\/strong><br><br>Wie kann man trotz psychischer Erkrankung eine befriedigende Partnerschaft f\u00fchren?<br><br>Stichworte werden auf der Flipchart festgehalten.<br><br>R\u00fcckzugsraum f\u00fcr jeden schaffen<br>Offenheit<br>Ehrlichkeit, sich selber und dem anderen gegen\u00fcber<br>Vertrauen<br>Respekt<br>nicht in das Hilfesystem eingebunden sein, dass hei\u00dft nicht Hilfspfleger des psychisch kranken Partners zu sein.<br>Selbstf\u00fcrsorge<br>Sex?! Dar\u00fcber sprechen und Forschungsergebnisse einholen.<br>Geduld<br>ein Zeichen ausmachen, wenn das Verhalten aus dem Ruder l\u00e4uft.<br><br><strong>Einen Partner finden, aber wie?<\/strong><br><br>Selbshilfegruppe oder \u00e4hnliches<br>Kur<br>www.handicap.de<br>Psychiatrie<br>Arbeit<br>Bus und Bahn<br>Mit offenen Karten spielen oder nicht?<br><br>Abschlussrunde: Ein Stein wird in die Runde gegeben mit der Frage: Wie hat Ihnen die Veranstaltung gefallen? Was nehmen Sie mit, was lassen sie hier?<\/p>\n","protected":false},"excerpt":{"rendered":"<p>Protokoll des Psychoseseminars vom 16.10.19 Anwesend: ca. 14 Personen Moderation: Herr Schmidt, Frau SchulzProtokoll: Frau Els\u00e4sser, Frau DzemailovaFlipchart: Frau Sieburg. Teil 1: Eingangsfrage: Warum geht man \u00fcberhaupt eine Partnerschaft ein? Die Teilnehmer nennen Stichworte, die auf Karten geschrieben und auf dem Boden verteilt werden. Liebe, Vertrauen, Kinder, Sympathie, Sexualit\u00e4t, Gemeinsamkeit, Gef\u00fchle, Geborgenheit, Sicherheit (materiell), Sicherheit [&hellip;]<\/p>\n","protected":false},"author":2,"featured_media":0,"parent":14,"menu_order":-172,"comment_status":"closed","ping_status":"closed","template":"","meta":[],"_links":{"self":[{"href":"https:\/\/www.psychose-seminar.de\/index.php?rest_route=\/wp\/v2\/pages\/630"}],"collection":[{"href":"https:\/\/www.psychose-seminar.de\/index.php?rest_route=\/wp\/v2\/pages"}],"about":[{"href":"https:\/\/www.psychose-seminar.de\/index.php?rest_route=\/wp\/v2\/types\/page"}],"author":[{"embeddable":true,"href":"https:\/\/www.psychose-seminar.de\/index.php?rest_route=\/wp\/v2\/users\/2"}],"replies":[{"embeddable":true,"href":"https:\/\/www.psychose-seminar.de\/index.php?rest_route=%2Fwp%2Fv2%2Fcomments&post=630"}],"version-history":[{"count":0,"href":"https:\/\/www.psychose-seminar.de\/index.php?rest_route=\/wp\/v2\/pages\/630\/revisions"}],"up":[{"embeddable":true,"href":"https:\/\/www.psychose-seminar.de\/index.php?rest_route=\/wp\/v2\/pages\/14"}],"wp:attachment":[{"href":"https:\/\/www.psychose-seminar.de\/index.php?rest_route=%2Fwp%2Fv2%2Fmedia&parent=630"}],"curies":[{"name":"wp","href":"https:\/\/api.w.org\/{rel}","templated":true}]}}