{"id":43,"date":"1995-03-01T21:45:46","date_gmt":"1995-03-01T19:45:46","guid":{"rendered":"https:\/\/psychose-seminar.info\/?page_id=43"},"modified":"2021-09-29T00:40:54","modified_gmt":"2021-09-28T22:40:54","slug":"wie-kann-die-kommunikation-zwischen-psychose-erfahrenen-und-aussenstehenden-verbessert-werden","status":"publish","type":"page","link":"https:\/\/www.psychose-seminar.de\/?page_id=43","title":{"rendered":"Wie kann die Kommunikation zwischen Psychose &#8211; Erfahrenen und Au\u00dfenstehenden verbessert werden"},"content":{"rendered":"\n<p><b>DIE VIERTE SITZUNG (1.3.95)<\/b><\/p>\n\n\n\n<figure class=\"wp-block-table wikitable\"><table><tbody><tr><th>PSYCHOSE &#8211; ERFAHRENE<\/th><th>KOMMUNIKATIONSST\u00d6RUNG<\/th><th>AUSSENSTEHENDE<\/th><\/tr><\/tbody><\/table><\/figure>\n\n\n\n<figure class=\"wp-block-image size-large\"><img src=\"https:\/\/images.psychose-seminar.de\/p-seminar\/1995-03-01.png\" alt=\"x\"\/><\/figure>\n\n\n[table &#8220;9&#8221; not found \/]<br \/>\n\n\n\n\n<p><b>ZUSAMMENFASSUNG DER IDEEN UND VORSCHL\u00c4GE ZUR VERBESSERUNG DER KOMMUNIKATION ZWISCHEN PSYCHOSE &#8211; ERFAHRENEN UND AUSSENSTEHENDEN<\/b><\/p>\n\n\n\n<p>Nach der Methode 6 3 5 (6 Gruppenteilnehmer\/innen, die jeweils 3 Vorschl\u00e4ge notieren und an die anderen 5 Teilnehmer\/innen weitergeben, die die Vorschl\u00e4ge kommentieren, erg\u00e4nzen und weiterf\u00fchren) wurden Vorschl\u00e4ge entwickelt und in Gruppen besprochen. Beispiele:<\/p>\n\n\n\n<ul><li>Mitgehen bei den Grundgef\u00fchlen wie Angst, Trauer, Wut, Freude, was die Kenntnis der eigenen Gef\u00fchle und der eigenen Grenzen voraussetzt<\/li><li>nicht nur mitgehen, sondern auch Grenzen setzen und einhalten<\/li><li>zu den eigenen Grenzen stehen und &#8222;echt&#8220; bleiben auch in Hilflosigkeit; Empathie und zugleich Authentizit\u00e4t anbieten<\/li><li>Akzeptieren, da\u00df der Psychoseerfahrene seine Psychose zum So-Sein braucht, bis er vielleicht eine andere L\u00f6sung hat<\/li><li>Verst\u00e4ndnis zeigen, aber auch zugeben, da\u00df man nicht alles verstehen kann<\/li><li>Besuche und andere Kontakte sind wichtig<\/li><li>gemeinsame Interessen und Aktivit\u00e4ten suchen und verwirklichen, z.B. gemeinsame Meditation, Spazierg\u00e4nge oder realit\u00e4tsbezogene, lebensnahe, konkrete Aktivit\u00e4ten<\/li><li>gemeinsames Tun, das allen Beteiligten Freude gibt und aufbauend wirkt<\/li><li>Eigenst\u00e4ndigkeit entwickeln und wechselseitige Abh\u00e4ngigkeit vermeiden<\/li><li>sich bei guten Freunden alles von der Seele reden k\u00f6nnen und Gespr\u00e4che au\u00dferhalb der Familie suchen, Kontakte des Psychoseerfahrenen zu anderen Menschen f\u00f6rdern<\/li><li>Die \/ den Betroffenen nicht mit den eigenen Sorgen um ihn \/ sie belasten<\/li><li>dem Kranken einen festen Tagesrhythmus vorgeben und ihn konkrete Alltagsprobleme und -aufgaben bew\u00e4ltigen lassen<\/li><li>Ziele vereinbaren und sich mit dem Psychotiker auch \u00fcber kleine Fortschritte freuen<\/li><li>Ann\u00e4herung an unbewu\u00dfte Teile der Pers\u00f6nlichkeit durch M\u00e4rchen, Mythen &#8230;<\/li><li>Traumerz\u00e4hlungen anh\u00f6ren und den Betroffenen selbst aussprechen lassen, wie er seine Tr\u00e4ume deutet<\/li><li>Bilder malen und erl\u00e4utern, auch gemeinsam Bilder malen, um sich zu verst\u00e4ndigen<\/li><li>Symbole suchen und im wechselseitigen Erkl\u00e4ren Verst\u00e4ndnism\u00f6glichkeiten pr\u00fcfen und ggf. finden<\/li><li>neugierig sein auf Erfahrungsaustausch<\/li><li>\u00e4rztliche Hilfe und Gespr\u00e4che<\/li><li>den gesamten Menschen ansprechen mit &#8222;kranken&#8220; und mit. &#8222;gesunden&#8220; Anteilen; Unterst\u00fctzung der gesunden Seiten<\/li><\/ul>\n","protected":false},"excerpt":{"rendered":"<p>DIE VIERTE SITZUNG (1.3.95) PSYCHOSE &#8211; ERFAHRENE KOMMUNIKATIONSST\u00d6RUNG AUSSENSTEHENDE ZUSAMMENFASSUNG DER IDEEN UND VORSCHL\u00c4GE ZUR VERBESSERUNG DER KOMMUNIKATION ZWISCHEN PSYCHOSE &#8211; ERFAHRENEN UND AUSSENSTEHENDEN Nach der Methode 6 3 5 (6 Gruppenteilnehmer\/innen, die jeweils 3 Vorschl\u00e4ge notieren und an die anderen 5 Teilnehmer\/innen weitergeben, die die Vorschl\u00e4ge kommentieren, erg\u00e4nzen und weiterf\u00fchren) wurden Vorschl\u00e4ge entwickelt und [&hellip;]<\/p>\n","protected":false},"author":2,"featured_media":0,"parent":14,"menu_order":-5,"comment_status":"closed","ping_status":"closed","template":"","meta":[],"_links":{"self":[{"href":"https:\/\/www.psychose-seminar.de\/index.php?rest_route=\/wp\/v2\/pages\/43"}],"collection":[{"href":"https:\/\/www.psychose-seminar.de\/index.php?rest_route=\/wp\/v2\/pages"}],"about":[{"href":"https:\/\/www.psychose-seminar.de\/index.php?rest_route=\/wp\/v2\/types\/page"}],"author":[{"embeddable":true,"href":"https:\/\/www.psychose-seminar.de\/index.php?rest_route=\/wp\/v2\/users\/2"}],"replies":[{"embeddable":true,"href":"https:\/\/www.psychose-seminar.de\/index.php?rest_route=%2Fwp%2Fv2%2Fcomments&post=43"}],"version-history":[{"count":2,"href":"https:\/\/www.psychose-seminar.de\/index.php?rest_route=\/wp\/v2\/pages\/43\/revisions"}],"predecessor-version":[{"id":775,"href":"https:\/\/www.psychose-seminar.de\/index.php?rest_route=\/wp\/v2\/pages\/43\/revisions\/775"}],"up":[{"embeddable":true,"href":"https:\/\/www.psychose-seminar.de\/index.php?rest_route=\/wp\/v2\/pages\/14"}],"wp:attachment":[{"href":"https:\/\/www.psychose-seminar.de\/index.php?rest_route=%2Fwp%2Fv2%2Fmedia&parent=43"}],"curies":[{"name":"wp","href":"https:\/\/api.w.org\/{rel}","templated":true}]}}