{"id":380,"date":"2016-09-21T04:08:53","date_gmt":"2016-09-21T02:08:53","guid":{"rendered":"https:\/\/psychose-seminar.info\/?page_id=380"},"modified":"2016-09-21T04:08:53","modified_gmt":"2016-09-21T02:08:53","slug":"psychische-erkrankung-und-diagnosen","status":"publish","type":"page","link":"https:\/\/www.psychose-seminar.de\/?page_id=380","title":{"rendered":"Psychische Erkrankung und Diagnosen"},"content":{"rendered":"<p class=\"western\" align=\"center\"><strong>Protokoll des Psychoseseminars vom 21. September 2016<\/strong><\/p>\n<p class=\"western\" align=\"center\"><strong> von 19.00 \u2013 21:00 Uhr<\/strong><\/p>\n<p style=\"text-align: center\"><b>Einstieg &#8211; Frau Dangel<\/b>: In unserem Thema gibt es heute zwei Begriffe:<\/p>\n<p align=\"center\">Psychische Erkrankungen und Diagnosen<\/p>\n<p>Zun\u00e4chst m\u00f6chten wie auf Karten Symptome bei psychischer Erkrankung aufschreiben, die Betroffenen, Angeh\u00f6rige und in der Psychiatrie T\u00e4tige wahrnehmen. Pro Karte bitte ein Symptom.<\/p>\n<ul>\n<li>Schlafst\u00f6rung<\/li>\n<li>Halluzinationen<\/li>\n<li>Schlaflosigkeit<\/li>\n<li>Aufl\u00f6sung der \u201eIch\u201c \u2013 Grenze<\/li>\n<li>Minderwertigkeitsgef\u00fchl<\/li>\n<li>Erh\u00f6hte Sensibilit\u00e4t<\/li>\n<li>Angst \/ Angstschwei\u00df<\/li>\n<li>Wut<\/li>\n<li>Leidensdruck<\/li>\n<li>Aggression<\/li>\n<li>Ritzen<\/li>\n<li>Kontrollverlust<\/li>\n<li>Psychosomatische Symptome<\/li>\n<li>Ununterbrochener Redefluss<\/li>\n<li>Stimmungsschwankungen<\/li>\n<li>Realit\u00e4tsverlust<\/li>\n<li>Panik<\/li>\n<li>\u00dcberwachungswahn<\/li>\n<li>Unruhe<\/li>\n<li>Stimmen h\u00f6ren<\/li>\n<li>Zu viel nachdenken \/ Gedankenrasen<\/li>\n<li>Zw\u00e4nge<\/li>\n<li>Antriebslosigkeit<\/li>\n<li>\u00dcberforderung<\/li>\n<li>R\u00fcckzug<\/li>\n<li>Bewegungsunf\u00e4hig<\/li>\n<li>Freudlosigkeit<\/li>\n<li>Frustration<\/li>\n<li>Unruhe \/ Nerv\u00f6sit\u00e4t<\/li>\n<li>Minus Symptomatik<\/li>\n<li>Konzentrationsst\u00f6rugen<\/li>\n<\/ul>\n<p>Jetzt m\u00f6chten wir auf wei\u00dfe Karten ihnen bekannte Diagnosen aufschreiben.<\/p>\n<ul>\n<li>Psychose<\/li>\n<li>Borderline<\/li>\n<li>Angstst\u00f6rung<\/li>\n<li>Anorexie<\/li>\n<li>Magersucht<\/li>\n<li>Endogene Psychose<\/li>\n<li>Schizophrenie<\/li>\n<li>Unipolare Depression<\/li>\n<li>Schizoaffektive St\u00f6rung<\/li>\n<li>Rezidivierende depressive St\u00f6rung<\/li>\n<li>PTBS<\/li>\n<li>Demenz<\/li>\n<li>Generalisierte Angstst\u00f6rung<\/li>\n<li>Schizoide Pers\u00f6nlichkeitsst\u00f6rung<\/li>\n<li>Narzisstische Pers\u00f6nlichkeitsst\u00f6rung<\/li>\n<li>Paranoide Schizophrenie<\/li>\n<li>Manie \/ Depression<\/li>\n<li>Autismus<\/li>\n<\/ul>\n<p align=\"center\">Wir legen Symptome und Diagnosen auf den Boden (sich gegen\u00fcber liegend).<\/p>\n<p>Es soll eine Zuordnung mittels Wollf\u00e4den stattfinden. Es zeigen sich sehr viele Verbindungen zwischen Symptomen und Diagnosen und dass diese nicht immer eindeutig sind.<\/p>\n<p><b>PAUSE<\/b><\/p>\n<hr \/>\n<p><b>2. Teil:<\/b><\/p>\n<p>Nun m\u00f6chten wir fragen: Wie werden Diagnosen gestellt und warum brauchen wie sie?<\/p>\n<p align=\"center\"><b>DIAGNOSEN <\/b><\/p>\n<table width=\"615\" cellspacing=\"0\" cellpadding=\"7\">\n<colgroup>\n<col width=\"600\" \/> <\/colgroup>\n<tbody>\n<tr>\n<td valign=\"top\" width=\"600\">\n<p align=\"center\"><b>WIE werden sie gestellt?<\/b><\/p>\n<\/td>\n<\/tr>\n<tr>\n<td valign=\"top\" width=\"600\">\u00dcber Symptome gestellt plus Testungen (Frageb\u00f6gen)<\/td>\n<\/tr>\n<tr>\n<td valign=\"top\" width=\"600\">Untersuchungen wie EEG \/ CT \/ MRT<\/td>\n<\/tr>\n<tr>\n<td valign=\"top\" width=\"600\">Befragung und Anamnese<\/td>\n<\/tr>\n<tr>\n<td valign=\"top\" width=\"600\">Beobachtung<\/td>\n<\/tr>\n<tr>\n<td valign=\"top\" width=\"600\">Fr\u00fchere Krankheiten<\/td>\n<\/tr>\n<tr>\n<td valign=\"top\" width=\"600\">Medikation<\/td>\n<\/tr>\n<\/tbody>\n<\/table>\n<table width=\"615\" cellspacing=\"0\" cellpadding=\"7\">\n<colgroup>\n<col width=\"599\" \/> <\/colgroup>\n<tbody>\n<tr>\n<td valign=\"top\" width=\"599\">\n<p align=\"center\"><b>WOZU werden sie gestellt? <\/b><\/p>\n<\/td>\n<\/tr>\n<tr>\n<td valign=\"top\" width=\"599\">F\u00fcr die Krankenkasse<\/td>\n<\/tr>\n<tr>\n<td valign=\"top\" width=\"599\">F\u00fcr die Rentenversicherung<\/td>\n<\/tr>\n<tr>\n<td valign=\"top\" width=\"599\">Zur Behandlung<\/td>\n<\/tr>\n<tr>\n<td valign=\"top\" width=\"599\">F\u00fcr Verst\u00e4ndnis \u00fcber die Erkrankung<\/td>\n<\/tr>\n<tr>\n<td valign=\"top\" width=\"599\">Bringt Klarheit<\/td>\n<\/tr>\n<\/tbody>\n<\/table>\n<p class=\"western\"><span style=\"font-family: Comic Sans MS,cursive\"><span style=\"font-size: small\">Ca. 21:00 Uhr <\/span><\/span><strong><span style=\"font-family: Comic Sans MS,cursive\"><span style=\"font-size: small\">Abschlussrunde:<\/span><\/span><\/strong><span style=\"font-family: Comic Sans MS,cursive\"><span style=\"font-size: small\"> Ein Stein wird in die Runde gegeben: Was hat Ihnen diese Veranstaltung gebracht (was nehmen Sie mit? Was lassen Sie hier?)<\/p>\n<p><\/span><\/span><span style=\"font-family: Comic Sans MS,cursive\"><span style=\"font-size: small\"><b>Bedanken bei der Seminargruppe (und dem Gast \/ den G\u00e4sten. <\/b><\/span><\/span><\/p>\n","protected":false},"excerpt":{"rendered":"<p>Protokoll des Psychoseseminars vom 21. September 2016 von 19.00 \u2013 21:00 Uhr Einstieg &#8211; Frau Dangel: In unserem Thema gibt es heute zwei Begriffe: Psychische Erkrankungen und Diagnosen Zun\u00e4chst m\u00f6chten wie auf Karten Symptome bei psychischer Erkrankung aufschreiben, die Betroffenen, Angeh\u00f6rige und in der Psychiatrie T\u00e4tige wahrnehmen. Pro Karte bitte ein Symptom. Schlafst\u00f6rung Halluzinationen Schlaflosigkeit [&hellip;]<\/p>\n","protected":false},"author":2,"featured_media":0,"parent":14,"menu_order":-148,"comment_status":"closed","ping_status":"closed","template":"","meta":[],"_links":{"self":[{"href":"https:\/\/www.psychose-seminar.de\/index.php?rest_route=\/wp\/v2\/pages\/380"}],"collection":[{"href":"https:\/\/www.psychose-seminar.de\/index.php?rest_route=\/wp\/v2\/pages"}],"about":[{"href":"https:\/\/www.psychose-seminar.de\/index.php?rest_route=\/wp\/v2\/types\/page"}],"author":[{"embeddable":true,"href":"https:\/\/www.psychose-seminar.de\/index.php?rest_route=\/wp\/v2\/users\/2"}],"replies":[{"embeddable":true,"href":"https:\/\/www.psychose-seminar.de\/index.php?rest_route=%2Fwp%2Fv2%2Fcomments&post=380"}],"version-history":[{"count":0,"href":"https:\/\/www.psychose-seminar.de\/index.php?rest_route=\/wp\/v2\/pages\/380\/revisions"}],"up":[{"embeddable":true,"href":"https:\/\/www.psychose-seminar.de\/index.php?rest_route=\/wp\/v2\/pages\/14"}],"wp:attachment":[{"href":"https:\/\/www.psychose-seminar.de\/index.php?rest_route=%2Fwp%2Fv2%2Fmedia&parent=380"}],"curies":[{"name":"wp","href":"https:\/\/api.w.org\/{rel}","templated":true}]}}