{"id":339,"date":"2015-11-18T17:34:52","date_gmt":"2015-11-18T15:34:52","guid":{"rendered":"https:\/\/psychose-seminar.info\/?page_id=339"},"modified":"2015-11-18T17:34:52","modified_gmt":"2015-11-18T15:34:52","slug":"welche-entwicklung-gibt-es-in-der-psychiatrischen-versorgung-im-kreis-dueren","status":"publish","type":"page","link":"https:\/\/www.psychose-seminar.de\/?page_id=339","title":{"rendered":"Welche Entwicklung gibt es in der psychiatrischen Versorgung im Kreis D\u00fcren?"},"content":{"rendered":"<p>Protokoll vom 18. November 2015<\/p>\n<p><b>Ablauf:<\/b><\/p>\n<p>Begr\u00fc\u00dfung des Auditoriums und der anwesenden G\u00e4ste, Herrn Laufs, Gesch\u00e4ftsf\u00fchrer der Kette e. V. und Herrn Lieberenz, Ombudsmann der LVR Klinik D\u00fcren Frau Dangel<\/p>\n<p>Vorstellung des Psychoseseminars Herr Schmidt<\/p>\n<p>Ablauf des Seminars mit Pausen und Getr\u00e4nken und Protokoll erkl\u00e4ren Frau Dangel<\/p>\n<p>Moderation und Protokol Frau Dangel<\/p>\n<p><b>Einstieg &#8211; Frau Dangel:<\/b><\/p>\n<p>Heute ist das Thema: <b>Welche Entwicklung gibt es in der psychiatrischen Versorgung im Kreis D\u00fcren?<\/b> Wir m\u00f6chten Sie fragen, welchen Institutionen \/ Angebote Sie derzeit aktuell nutzen. Bitte schreiben Sie Ihre Beispiele auf Karten (Pro Karte ein Beispiel).<\/p>\n<p>Im Anschluss m\u00f6chten wir die Karten vorstellen (wer m\u00f6chte) und berichten, welche Erfahrungen Sie mit diesen Angeboten und Institutionen gemacht haben. Die werden auf dem Boden von den Teilnehmern wie folgt sortiert:<\/p>\n<p><b>Auf den Karten werden bekannte Angebote erfasst:<\/b><\/p>\n<ul>\n<li>Amtsgericht f\u00fcr gesetzliche Betreuungen<\/li>\n<li>Gesundheitsamt, Sozialpsychiatrischer Dienst<\/li>\n<li>Evangelische und katholische Klinikseelsorge<\/li>\n<li>Patientenclub in der LVR Klinik<\/li>\n<li>LVR Klinik D\u00fcren, station\u00e4r, ambulant, Tagesklinik<\/li>\n<li>Klinik Marienborn. Z\u00fclpich<\/li>\n<li>Die Kette e. V., Integrationsfachdienst, Sozialpsychiatrisches Zentrum, Tagesst\u00e4tte, Betreutes Wohnen, Wohnheime, Freizeitangebote,<\/li>\n<li>Omdudsmann der LVR Klinik<\/li>\n<li>Mosaik<\/li>\n<li>Betreutes Wohnen in eigenen Wohnungen und in Wohngemeinschaften, es sollen \u00fcber 50 BEWO \u2013 Anbieter geben<\/li>\n<li>WAF<\/li>\n<li>SKF<\/li>\n<li>Caritas<\/li>\n<li>SPKOM westliches Rheinland f\u00fcr Migranten<\/li>\n<li>Niedergelassene Psychiater und Psychotherapeuten<\/li>\n<li>Psychoseseminar<\/li>\n<li>Neurologen<\/li>\n<li>Freundeskreis<\/li>\n<li>Pflegestellen<\/li>\n<li>Selbsthilfezentrum<\/li>\n<li>Depressionsgruppe Z\u00fclpich<\/li>\n<li>Internetforen<\/li>\n<li>Angeh\u00f6rigengruppe<\/li>\n<li>Selbsthilfegruppen, wie z. B. WENDEPUNKT, f\u00fcr Depression und Angsterkrankung, freitags 2w\u00f6chig<\/li>\n<\/ul>\n<p><b>Die Teilnehmer \/innen berichten:<\/b><\/p>\n<ul>\n<li>Mit der LVR Klinik habe ich gute Erfahrungen gemacht<\/li>\n<li>Es ist ein gro\u00dfes Problem Psychotherapiepl\u00e4tze zu finden<\/li>\n<li>Jetzt bin ich in einer Depressionsgruppe im Krankenhaus in Z\u00fclpich, dort gibt es Gespr\u00e4che, Ergotherapie, Bewegungstherapie und Akkupunktur<\/li>\n<li>Was kann man zu \u00dcberbr\u00fcckung der Wartezeit auf eine Psychotherapie machen?<\/li>\n<li>Die Kette e. V. besuchen, den Offenen Treff dort und verschiedene Angebote nutzen, wie Sport und Schwimmen.<\/li>\n<li>Das Psychoseseminar regelm\u00e4\u00dfig besuchen<\/li>\n<li>Selbsthilfegruppen besuchen; doch auch hier gibt es Kapazit\u00e4tsgrenzen<\/li>\n<li>Es gibt eine besondere Psychosebehandlung: SOTERIA, auch in der LVR Klinik Haus 6. Besondere Aspekte sind: Ruhe, wenig Medikamente, Alltagsbezug, z. B. gemeinsam kochen mit dem Personal.<\/li>\n<\/ul>\n<p>Nun berichten Herr Laufs und Herr Lieberenz, wie die psychiatrische Versorgung fr\u00fcher war und was sich heute aus Ihrer Sicht ver\u00e4ndert hat?<\/p>\n<p><b>DAMALS:<\/b><\/p>\n<ul>\n<li>Es gab f\u00fcr Patienten keine Wahlm\u00f6glichkeit. Keine Alternativen zur Klinik, nur ein paar Wohngemeinschaftspl\u00e4tze. Im gesamten Kreis D\u00fcren ca. 14 Pl\u00e4tze.<\/li>\n<li>In der Klinik gab es (nur) 5-6 Sozialarbeiter, sie \u00fcbernahmen die pers\u00f6nliche Versorgung des Patienten. Dazu geh\u00f6rte auch den Sozialhilfegrundantrag stellen, Barbetr\u00e4ge besorgen ebenso wie Zigaretten.<\/li>\n<li>F\u00fcr Patienten gab es nur Sozialhilfe<\/li>\n<li>1981 \/ 82 gab es erste Soziogruppen. Dabei ging es um Probleme und deren L\u00f6sungen.<\/li>\n<li>Herr Lieberenz war seit 1972 Vormund \/ Pfleger f\u00fcr forensische Patienten. Er wurde damals \u00fcber das Jugendamt bestellt. Er k\u00fcmmerte sich um Arbeit und Wohnung f\u00fcr die Patienten.<\/li>\n<li>Vormundschaften hatten auch Anw\u00e4lte<\/li>\n<li>Es gab noch keine Ambulanz in der LVR Klinik, diese wurde 1980 gegr\u00fcndet<\/li>\n<li>BEWO war eine freiwillige Leistung des LVR \u2013 nur f\u00fcr wenige<\/li>\n<li>Es wurden Tr\u00e4ger mit Ihren Angeboten f\u00fcr psychisch Erkrankte gef\u00f6rdert.<\/li>\n<li>Die Nachsorge war in den 80zigern weit von D\u00fcren weg<\/li>\n<li>1990 gr\u00fcndete sich die Kette e..V. als Nachsorgeeinrichtung, 1994 kamen weitere Betriebsst\u00e4tten hinzu<\/li>\n<\/ul>\n<p><b>HEUTE:<\/b><\/p>\n<ul>\n<li>Es gibt viele Ambulanzen (Stolberg, Alsdorf, Bedburg, D\u00fcren) und auch Tagesst\u00e4tten.<\/li>\n<li>Heute k\u00f6nnen Betreuer gewechselt werden.<\/li>\n<li>Betreuung findet heute in Netzwerken statt (z. B. gesetzliche Betreuung und BEWO Betreuung)<\/li>\n<li>Die Tagestst\u00e4tte in der Schoellerstra\u00dfe wird aufgel\u00f6st<\/li>\n<li>In der Roonstra\u00dfe entsteht ein medizinisches Altenzentrum bis 2017 von der LVR Klinik<\/li>\n<li>Heute wird die F\u00f6rderung nach dem Hilfebedarf ausgerichtet.<\/li>\n<\/ul>\n<hr \/>\n<p><b>Pause<\/b><\/p>\n<p>Nach der Pause halten wir auf der Flipchard fest, welche <b>Visionen \/ W\u00fcnsche<\/b> es im Hinblick auf die psychiatrische Versorgung heute gibt.<\/p>\n<ul>\n<li>Zeitnahe Therapieangebote<\/li>\n<li>Mehr niedergelassene Fach\u00e4rzte<\/li>\n<li>\u201eFeste\u201c Gruppe im SPZ als verbindliche Teilnahme, besonders f\u00fcr schwer zu motivierende Menschen<\/li>\n<li>Therapeutische Depressionsgruppe in D\u00fcren<\/li>\n<li>Attraktivere Arbeitspl\u00e4tze in den \u201eWerkst\u00e4tten\u201c f\u00fcr \u201eKopfmenschen\u201c<\/li>\n<li>Berufliche Unterst\u00fctzung als Projekt, Berufsf\u00f6rderungswerke<\/li>\n<\/ul>\n<p>Ca. 20:45 Uhr<\/p>\n<p><b>Abschlussrunde:<\/b> Ein Stein wird in die Runde gegeben: Was hat Ihnen diese Veranstaltung gebracht (was nehmen Sie mit? Was lassen Sie hier?)<\/p>\n<p>Bedanken bei der Seminargruppe (und dem Gast \/ den G\u00e4sten). Hinweis auf das n\u00e4chste Seminar am 16. Dezember mit dem Titel: \u201eWas hilft Angeh\u00f6rigen bei psychischer Erkrankung ihrer Familienangeh\u00f6rigen?\u201c<\/p>\n","protected":false},"excerpt":{"rendered":"<p>Protokoll vom 18. November 2015 Ablauf: Begr\u00fc\u00dfung des Auditoriums und der anwesenden G\u00e4ste, Herrn Laufs, Gesch\u00e4ftsf\u00fchrer der Kette e. V. und Herrn Lieberenz, Ombudsmann der LVR Klinik D\u00fcren Frau Dangel Vorstellung des Psychoseseminars Herr Schmidt Ablauf des Seminars mit Pausen und Getr\u00e4nken und Protokoll erkl\u00e4ren Frau Dangel Moderation und Protokol Frau Dangel Einstieg &#8211; Frau [&hellip;]<\/p>\n","protected":false},"author":2,"featured_media":0,"parent":14,"menu_order":-142,"comment_status":"closed","ping_status":"closed","template":"","meta":[],"_links":{"self":[{"href":"https:\/\/www.psychose-seminar.de\/index.php?rest_route=\/wp\/v2\/pages\/339"}],"collection":[{"href":"https:\/\/www.psychose-seminar.de\/index.php?rest_route=\/wp\/v2\/pages"}],"about":[{"href":"https:\/\/www.psychose-seminar.de\/index.php?rest_route=\/wp\/v2\/types\/page"}],"author":[{"embeddable":true,"href":"https:\/\/www.psychose-seminar.de\/index.php?rest_route=\/wp\/v2\/users\/2"}],"replies":[{"embeddable":true,"href":"https:\/\/www.psychose-seminar.de\/index.php?rest_route=%2Fwp%2Fv2%2Fcomments&post=339"}],"version-history":[{"count":0,"href":"https:\/\/www.psychose-seminar.de\/index.php?rest_route=\/wp\/v2\/pages\/339\/revisions"}],"up":[{"embeddable":true,"href":"https:\/\/www.psychose-seminar.de\/index.php?rest_route=\/wp\/v2\/pages\/14"}],"wp:attachment":[{"href":"https:\/\/www.psychose-seminar.de\/index.php?rest_route=%2Fwp%2Fv2%2Fmedia&parent=339"}],"curies":[{"name":"wp","href":"https:\/\/api.w.org\/{rel}","templated":true}]}}