{"id":270,"date":"2011-10-19T18:22:26","date_gmt":"2011-10-19T16:22:26","guid":{"rendered":"https:\/\/psychose-seminar.info\/?page_id=270"},"modified":"2011-10-19T18:22:26","modified_gmt":"2011-10-19T16:22:26","slug":"wie-bekommt-man-nach-einer-psychose-wieder-sozialen-anschluss-soziales-netzwerk","status":"publish","type":"page","link":"https:\/\/www.psychose-seminar.de\/?page_id=270","title":{"rendered":"Wie bekommt man nach einer Psychose (wieder) sozialen Anschluss? (soziales Netzwerk)"},"content":{"rendered":"<p><b>Protokoll des Psychoseseminars vom 19.10.2011 von 19.00 \u2013 20:45 Uhr<\/b><\/p>\n<p>Moderation und Protokoll: Herr Schmidt, Frau Hamacher<\/p>\n<p>Zun\u00e4chst erfolgt die Begr\u00fc\u00dfung des Auditoriums und des Gastes, H. Caspers-Kiock (LVR-Klinik D\u00fcren)<\/p>\n<p><b>1. Zum Einstieg in das Thema wird in die Runde gefragt:<\/b><\/p>\n<p><b>\u201eWelche Schwierigkeiten hatten sie in Bezug auf soziale Kontakte mit Ihrer psychischen Erkrankung?\u201c<\/b><\/p>\n<p>Hier einige Antworten:<\/p>\n<ul>\n<li>Familien haben wenig Verst\u00e4ndnis<\/li>\n<li>Freunde distanzieren sich<\/li>\n<li>Menschen sind neugierig, haben aber Angst uns anzusprechen<\/li>\n<li>Viele gehen Menschen mit psychischen Erkrankungen aus dem Weg, da sie Hemmungen haben<\/li>\n<li>nach au\u00dfen muss eine Fassade aufrecht erhalten werden ( aus Angst?)<\/li>\n<li>man wird im Job gemieden<\/li>\n<li>Angst \u00fcber die Erkrankung zu sprechen wegen der negativen Resonanz<\/li>\n<li>Menschen sprechen nicht offen mit einem<\/li>\n<\/ul>\n<p>Jemand aus der Runde erw\u00e4hnt, dass fr\u00fcher Menschen mit Downsyndrom (Trisomie 21) weggesperrt wurden. Heute haben die ersten Kinder mit Downsyndrom das Abitur gemacht. Mein eigener Kommentar: \u201eEs verursacht mir G\u00e4nsehaut mir das vorzustellen.\u201c<\/p>\n<p><b>2. Welche M\u00f6glichkeiten sehen Sie, Ihre sozialen Kontakte zu verbessern, zu ver\u00e4ndern oder neu zu kn\u00fcpfen?<\/b><\/p>\n<ul>\n<li>Selbsthilfegruppen<\/li>\n<li>Soziales Netzwerk<\/li>\n<li>Vereine<\/li>\n<li>auf Leute zugehen<\/li>\n<li>Ehrenamt ( z. B. Freiwilligenzentrum)<\/li>\n<li>Arbeitsplatz<\/li>\n<li>Tagesstruktur<\/li>\n<li>Hobbys ( z.B. Chor, Tanzen, Sport &#8230;.. )<\/li>\n<li>Kurse (z.B. VHS .,..,. )<\/li>\n<li>Interessengemeinschaft<\/li>\n<li>SPZ- offener Treff<\/li>\n<li>Kirchengemeinde<\/li>\n<li>K\u00fcnstlernetz (z.B. Becker &amp; Funke Kulturfabrik)<\/li>\n<\/ul>\n<p>Es ist ein Erstaunen in der Runde, dass es so viele M\u00f6glichkeiten gibt, Kontakte zu kn\u00fcpfen und auch das Hilfsangebot wurde gelobt.<\/p>\n<p>Nach der Pause werden Ideen gesammelt<\/p>\n<p><b>3. Wie k\u00f6nnen soziale Kontakte (wieder) gekn\u00fcpft werden?<\/b><\/p>\n<p>WIE\u00a0?<\/p>\n<ul>\n<li>Informieren ( z.B. beim SPZ)<\/li>\n<li>Mutproben (z.B. \u00fcber die Krankheit sprechen, .,.. )<\/li>\n<li>dran bleiben<\/li>\n<li>\u00fcben<\/li>\n<li>zur richtigen Zeit offen sein<\/li>\n<li>Themen finden<\/li>\n<li>Absprachen (z.B. mit Familie u. Freunde &#8230;. )<\/li>\n<li>Begleitung suchen (z.B. Betreuer, Familie, Freunde&#8230;)<\/li>\n<li>Kleine Schritte &#8211; Geduld mit sich selber<\/li>\n<li>stressfrei an die Sache gehen &#8211; nicht mit Druck<\/li>\n<li>wieder sch\u00f6ne Seiten im Leben finden<\/li>\n<li>authentisch sein<\/li>\n<\/ul>\n<p>Einige in der Runde finden auch, dass man die Hemmschwelle \u00fcberwinden sollte offen \u00fcber die Krankheit zu reden. Manche brauchen dazu Unterst\u00fctzung, andere schaffen es nicht. Alles sollte mit Geduld und vor allem stressfrei geschehen. Mehrere merkten auch schnell von welchen Menschen man sich trennen sollte. Es waren die, die ihnen nicht gut taten und sie nicht verstehen wollten.<\/p>\n<p>CA. 20:45h<\/p>\n<p><b>Abschlussrunde:<\/b> Wie immer geht der Stein in die Runde: Was hat Ihnen diese Veranstaltung gebracht, was nehmen Sie mit? Was lassen Sie hier? Verabschieden und Bedanken bei den G\u00e4sten.<\/p>\n","protected":false},"excerpt":{"rendered":"<p>Protokoll des Psychoseseminars vom 19.10.2011 von 19.00 \u2013 20:45 Uhr Moderation und Protokoll: Herr Schmidt, Frau Hamacher Zun\u00e4chst erfolgt die Begr\u00fc\u00dfung des Auditoriums und des Gastes, H. Caspers-Kiock (LVR-Klinik D\u00fcren) 1. Zum Einstieg in das Thema wird in die Runde gefragt: \u201eWelche Schwierigkeiten hatten sie in Bezug auf soziale Kontakte mit Ihrer psychischen Erkrankung?\u201c Hier [&hellip;]<\/p>\n","protected":false},"author":2,"featured_media":0,"parent":14,"menu_order":-110,"comment_status":"closed","ping_status":"closed","template":"","meta":[],"_links":{"self":[{"href":"https:\/\/www.psychose-seminar.de\/index.php?rest_route=\/wp\/v2\/pages\/270"}],"collection":[{"href":"https:\/\/www.psychose-seminar.de\/index.php?rest_route=\/wp\/v2\/pages"}],"about":[{"href":"https:\/\/www.psychose-seminar.de\/index.php?rest_route=\/wp\/v2\/types\/page"}],"author":[{"embeddable":true,"href":"https:\/\/www.psychose-seminar.de\/index.php?rest_route=\/wp\/v2\/users\/2"}],"replies":[{"embeddable":true,"href":"https:\/\/www.psychose-seminar.de\/index.php?rest_route=%2Fwp%2Fv2%2Fcomments&post=270"}],"version-history":[{"count":0,"href":"https:\/\/www.psychose-seminar.de\/index.php?rest_route=\/wp\/v2\/pages\/270\/revisions"}],"up":[{"embeddable":true,"href":"https:\/\/www.psychose-seminar.de\/index.php?rest_route=\/wp\/v2\/pages\/14"}],"wp:attachment":[{"href":"https:\/\/www.psychose-seminar.de\/index.php?rest_route=%2Fwp%2Fv2%2Fmedia&parent=270"}],"curies":[{"name":"wp","href":"https:\/\/api.w.org\/{rel}","templated":true}]}}