{"id":236,"date":"2009-10-21T17:24:43","date_gmt":"2009-10-21T15:24:43","guid":{"rendered":"https:\/\/psychose-seminar.info\/?page_id=236"},"modified":"2009-10-21T17:24:43","modified_gmt":"2009-10-21T15:24:43","slug":"drogen-und-psychose-sucht","status":"publish","type":"page","link":"https:\/\/www.psychose-seminar.de\/?page_id=236","title":{"rendered":"Drogen und Psychose (Sucht)"},"content":{"rendered":"<p><b>Protokoll des Psychoseseminars vom 21.10.2009 von 19.00 \u2013 20.45 Uhr<\/b><\/p>\n<p>Protokollant\/in: Fr. Mischke<\/p>\n<p>Zun\u00e4chst erfolgt die Begr\u00fc\u00dfung des Auditoriums sowie des anwesenden Gastes Fr. Dr. Weikl (RKD)<\/p>\n<p><b>1.Ein kurzes Brainstorming mit den Anwesenden zur Frage: Welche S\u00fcchte kennen Sie?<\/b><\/p>\n<ul>\n<li>Kaufsucht<\/li>\n<li>Polytoxikomanie<\/li>\n<li>Cannabis<\/li>\n<li>Valium<\/li>\n<li>Alkohol<\/li>\n<li>Nikotin<\/li>\n<li>Pilze<\/li>\n<li>Ecstasy, Speed, Kokain, Heroin<\/li>\n<li>Tabletten<\/li>\n<li>Koffein<\/li>\n<li>Spielsucht<\/li>\n<li>Arbeitssucht<\/li>\n<li>Mediensucht<\/li>\n<li>Sucht nach Anerkennung<\/li>\n<li>Sexsucht<\/li>\n<\/ul>\n<p><b>2.Austausch zwischen Betroffenen, Profis und Angeh\u00f6rigen:<\/b><\/p>\n<p><b>Wann f\u00e4ngt Sucht an?<\/b><\/p>\n<p>Es beginnt bei einem sch\u00e4dlichen Gebrauch einer Substanz also wenn der Konsum immer mehr in das k\u00f6rperliche Wohlbefinden und das freie Denken eingreift. Man unterscheidet zwischen stoffgebundenen und nicht stoffgebundenen S\u00fcchten. Bei einer stoffgebundenen Sucht ist nachgewiesen, dass der konsumierte Suchtstoff in den Gehirnstoffwechsel eingreift.<\/p>\n<p><b>Gibt es neue Forschungsergebnisse aus der Suchtforschung?<\/b><\/p>\n<p>Laut neuer Studien kann man sagen, dass Menschen, die heute Cannabis konsumieren ein 4 &#8211; 5 Mal so hohes Risiko haben an einer Psychose zu erkranken, als Menschen, die keinen Cannabis konsumieren. Dabei spielt auch eine Rolle in welchem Alter der Erstkonsum stattgefunden hat. Laut neuesten Forschungsergebnissen spielt der sog. Beikonsum keine so gro\u00dfe Rolle mehr, da der Beikonsum meist erst einsetzt, wenn psychotische Symtome schon vorhanden sind und z.B. mit Alkohol \u201ebet\u00e4ubt\u201c werden sollen. Eine psychotische Episode kann beim Gebrauch von Drogen passieren, aber eine latent bestehende Psychose kann auch erst im Entzug ausbrechen.<\/p>\n<p><b>Was sind m\u00f6gliche Gr\u00fcnde f\u00fcr einen Einstieg in die Sucht?<\/b><\/p>\n<p>Viele Faktoren wie z.B. auch der pers\u00f6nliche Umgang mit Stress (Vulnerabilit\u00e4ts- Stress &#8211; Modell) spielen eine gro\u00dfe Rolle bei der Frage, ob man s\u00fcchtig wird oder nicht.<\/p>\n<p>Folgende Ausl\u00f6ser wurden noch genannt:<\/p>\n<ul>\n<li>Langeweile<\/li>\n<li>Probleme<\/li>\n<li>Gruppenzwang<\/li>\n<li>Sucht nach Anerkennung und Zugeh\u00f6rigkeitsgef\u00fchl<\/li>\n<li>Verdr\u00e4ngung<\/li>\n<\/ul>\n<p><b>Wie kommt man von der Sucht wieder los?<\/b><\/p>\n<ul>\n<li>gute soziale Kontakte<\/li>\n<li>sich \u201eein dickes Fell anwachsen lassen\u201c<\/li>\n<li>etwas \u201eanderes\u201c finden<\/li>\n<li>sich Zeit geben<\/li>\n<li>erst einen \u201ek\u00f6rperlichen\u201c Entzug machen<\/li>\n<li>Anschlusseinrichtungen besuchen<\/li>\n<li>Die Probleme aktiv \u201ebearbeiten\u201c<\/li>\n<\/ul>\n","protected":false},"excerpt":{"rendered":"<p>Protokoll des Psychoseseminars vom 21.10.2009 von 19.00 \u2013 20.45 Uhr Protokollant\/in: Fr. Mischke Zun\u00e4chst erfolgt die Begr\u00fc\u00dfung des Auditoriums sowie des anwesenden Gastes Fr. Dr. Weikl (RKD) 1.Ein kurzes Brainstorming mit den Anwesenden zur Frage: Welche S\u00fcchte kennen Sie? Kaufsucht Polytoxikomanie Cannabis Valium Alkohol Nikotin Pilze Ecstasy, Speed, Kokain, Heroin Tabletten Koffein Spielsucht Arbeitssucht Mediensucht [&hellip;]<\/p>\n","protected":false},"author":2,"featured_media":0,"parent":14,"menu_order":-94,"comment_status":"closed","ping_status":"closed","template":"","meta":[],"_links":{"self":[{"href":"https:\/\/www.psychose-seminar.de\/index.php?rest_route=\/wp\/v2\/pages\/236"}],"collection":[{"href":"https:\/\/www.psychose-seminar.de\/index.php?rest_route=\/wp\/v2\/pages"}],"about":[{"href":"https:\/\/www.psychose-seminar.de\/index.php?rest_route=\/wp\/v2\/types\/page"}],"author":[{"embeddable":true,"href":"https:\/\/www.psychose-seminar.de\/index.php?rest_route=\/wp\/v2\/users\/2"}],"replies":[{"embeddable":true,"href":"https:\/\/www.psychose-seminar.de\/index.php?rest_route=%2Fwp%2Fv2%2Fcomments&post=236"}],"version-history":[{"count":0,"href":"https:\/\/www.psychose-seminar.de\/index.php?rest_route=\/wp\/v2\/pages\/236\/revisions"}],"up":[{"embeddable":true,"href":"https:\/\/www.psychose-seminar.de\/index.php?rest_route=\/wp\/v2\/pages\/14"}],"wp:attachment":[{"href":"https:\/\/www.psychose-seminar.de\/index.php?rest_route=%2Fwp%2Fv2%2Fmedia&parent=236"}],"curies":[{"name":"wp","href":"https:\/\/api.w.org\/{rel}","templated":true}]}}