{"id":232,"date":"2009-06-17T17:18:10","date_gmt":"2009-06-17T15:18:10","guid":{"rendered":"https:\/\/psychose-seminar.info\/?page_id=232"},"modified":"2009-06-17T17:18:10","modified_gmt":"2009-06-17T15:18:10","slug":"von-der-virtuellen-welt-in-die-psychose","status":"publish","type":"page","link":"https:\/\/www.psychose-seminar.de\/?page_id=232","title":{"rendered":"Von der virtuellen Welt in die Psychose?"},"content":{"rendered":"<p><b>Protokoll des Psychoseseminars vom 15.04.2009 von 19.00 \u2013 21.15 Uhr<\/b><\/p>\n<p>Protokollant\/in: Fr. Mischke<\/p>\n<p>Zun\u00e4chst erfolgt die Begr\u00fc\u00dfung des Auditoriums sowie der anwesenden G\u00e4ste Fr. Dr. Weikl (RKD) und Pof. Dr. L\u00f6hrer<\/p>\n<p>Frage an das Auditorium:<\/p>\n<p><b>1.Gibt es virtuelle Welten in die Sie schon einmal abtauchen?<\/b><\/p>\n<p>Es wurden genannt: B\u00fccher, Kinofilme, PC-Spiele, Traumwelten, Tagtr\u00e4ume<br \/>\n2.Frage an Prof. L\u00f6hrer und Fr. Dr. Freisen, Fr. Dr. Weikl gerichtet:<\/p>\n<p><b>Kann man durch das Eintauchen in virtuelle Welten psychotisch werden?<\/b><\/p>\n<p>Hr. Prof. L\u00f6hrer konnte bis jetzt keine direkten Beispiele sammeln \u00fcber den Zusammenhang von virtuellen Welten und psychotischem Erleben. Er behauptet aber in diesem Zusammenhang, dass man in der virtuellen Welt das Verlieren des Tagesrhythmus als psychotisches Erleben (Schub) beobachten kann. Jedoch macht die virtuelle Welt selbst nicht psychotisch. M\u00f6gliche Gr\u00fcnde f\u00fcr den Ausbruch einer psychischen Erkrankung k\u00f6nnen sein, dass Drogen konsumiert werden, die Menschen vor dem PC vereinsamen, eine genetische Disposition vorliegt und die Menschen sich zu fr\u00fch im Kindesalter mit virtuellen Welten besch\u00e4ftigen. Durch die massive PC-Nutzung entsteht ein Schlafmangel, der wiederum den Ausbruch einer psychischen Erkrankung f\u00f6rdern kann. Ein weiterer Punkt ist, dass sich bis dato nicht erkannte Vorerkrankungen verschlimmern oder manifestieren k\u00f6nnen wenn Menschen zu sehr in virtuelle Welten \u201eabtauchen\u201c.<\/p>\n<p>Es mag sein, dass in der psychotischen Welt mehr Integration vom Internet, Computerchips, Computerspielen etc. vorhanden sind. Es geht dabei aber nur um Wahninhalte. Sogar Navigationssysteme werden psychotisch verarbeitet.<\/p>\n<p>Amokl\u00e4ufer stehen in keiner kausalen Verbindung mit der Internet-Nutzung. Amokl\u00e4ufer sind meistens narzisstisch gekr\u00e4nkte Menschen, die einen erweiterten Suizid planen. Amokl\u00e4ufer sind nicht psychotisch.<\/p>\n<p>Bert Theodor te Wildt (Facharzt f\u00fcr Psychiatrie und Psychotherapie, Kliniken d. Med. Hochschule Zentrum Psychologische Medizin Klinik f. Psychiatrie, Sozialpsychiatrie u. Psychotherapie Carl-Neuberg-Str. 1 30625 Hannover) zeigte in seiner Arbeit \u201eElektronische Medien als Vermittler von Erinnerung und Sehsucht\u201c am Beispiel der Trauer wie wir immer mehr unser Ged\u00e4chtnis auslagern.<br \/>\nPAUSE ca. 5-7 Min<\/p>\n<p><b>Kurze Zusammenfassung der Ergebnisse des ersten Teils<\/b><\/p>\n<p><b>3.Wie entwickelt sich die Psychose und woran kann man es erkennen? Gibt es sog. Fr\u00fchwarnzeichen? Was kann man tun, um zu verhindern, dass man psychotisch wird und\/oder sich nicht in einer virtuellen Welt zu verlieren? Was w\u00fcrde jemandem gut tun, wenn er dort rauskommen m\u00f6chte?<\/b><\/p>\n<p>Herr Prof. L\u00f6hrer hat kurz eine Epidemiologie der Psychose &#8211; Erkrankung erkl\u00e4rt: 1,5 Menschen werden psychotisch rezidiv kulturelle Entwicklung \u2013 Cannabis-Konsum in der Mittelstufe (bei Heranwachsenden) ist in den letzten Jahren rapid gestiegen. Australien\/Neuseeland sind besser. epidemiologisch \u201eausgestattet\u201c als wir. Der Cannabis- Konsum hat n\u00e4mlich 10-15 Jahre fr\u00fcher in diesen L\u00e4ndern als bei uns begonnen. Eine epidemiologische Kausalit\u00e4t zur Psychose in Bezug auf die virtuelle Welt besteht zurzeit nicht.<\/p>\n<p>Vielleicht wird sich das aber in Zukunft \u00e4ndern (sp\u00e4tere Aussage).<br \/>\n<b>4.Vereinsamen die Menschen vor dem PC?<\/b><\/p>\n<p>Das M\u00e4rchenerz\u00e4hlen wird oft im Kindesalter durch die virtuelle Welt ersetzt. In diesem Zusammenhang gibt es kaum direkten Austausch mit Gleichaltrigen.<\/p>\n<p><b>5.Fr\u00fchwarnzeichen f\u00fcr Psychosen<\/b><\/p>\n<p>Es ist zu beobachten, dass Jugendliche mit 15\/16 Jahren psychotisch werden.<\/p>\n<p>Das Prodromalsyndrom als Fr\u00fchwarnzeichen: psychotische Sch\u00fcbe mit Geschlechtsreife stehen stark in Verbindung mit fr\u00fcher erwachsen werden als in der Generation zuvor. Psychosen werden erst nach der Pubert\u00e4t diagnostizierbar. In der heutigen Zeit tritt die Pubert\u00e4t fr\u00fcher ein und deshalb werden Erstpsychosen fr\u00fcher erkannt.<\/p>\n<p>Abschlussrunde &#8211; ein Stein wird in die Runde gegeben: Was hat Ihnen diese Veranstaltung gebracht? (Was nehmen Sie mit? Was lassen Sie hier?)<\/p>\n","protected":false},"excerpt":{"rendered":"<p>Protokoll des Psychoseseminars vom 15.04.2009 von 19.00 \u2013 21.15 Uhr Protokollant\/in: Fr. Mischke Zun\u00e4chst erfolgt die Begr\u00fc\u00dfung des Auditoriums sowie der anwesenden G\u00e4ste Fr. Dr. Weikl (RKD) und Pof. Dr. L\u00f6hrer Frage an das Auditorium: 1.Gibt es virtuelle Welten in die Sie schon einmal abtauchen? Es wurden genannt: B\u00fccher, Kinofilme, PC-Spiele, Traumwelten, Tagtr\u00e4ume 2.Frage an [&hellip;]<\/p>\n","protected":false},"author":2,"featured_media":0,"parent":14,"menu_order":-92,"comment_status":"closed","ping_status":"closed","template":"","meta":[],"_links":{"self":[{"href":"https:\/\/www.psychose-seminar.de\/index.php?rest_route=\/wp\/v2\/pages\/232"}],"collection":[{"href":"https:\/\/www.psychose-seminar.de\/index.php?rest_route=\/wp\/v2\/pages"}],"about":[{"href":"https:\/\/www.psychose-seminar.de\/index.php?rest_route=\/wp\/v2\/types\/page"}],"author":[{"embeddable":true,"href":"https:\/\/www.psychose-seminar.de\/index.php?rest_route=\/wp\/v2\/users\/2"}],"replies":[{"embeddable":true,"href":"https:\/\/www.psychose-seminar.de\/index.php?rest_route=%2Fwp%2Fv2%2Fcomments&post=232"}],"version-history":[{"count":0,"href":"https:\/\/www.psychose-seminar.de\/index.php?rest_route=\/wp\/v2\/pages\/232\/revisions"}],"up":[{"embeddable":true,"href":"https:\/\/www.psychose-seminar.de\/index.php?rest_route=\/wp\/v2\/pages\/14"}],"wp:attachment":[{"href":"https:\/\/www.psychose-seminar.de\/index.php?rest_route=%2Fwp%2Fv2%2Fmedia&parent=232"}],"curies":[{"name":"wp","href":"https:\/\/api.w.org\/{rel}","templated":true}]}}