{"id":226,"date":"2009-04-15T17:07:38","date_gmt":"2009-04-15T15:07:38","guid":{"rendered":"https:\/\/psychose-seminar.info\/?page_id=226"},"modified":"2009-04-15T17:07:38","modified_gmt":"2009-04-15T15:07:38","slug":"spirituelle-und-religioese-elemente-in-der-psychose","status":"publish","type":"page","link":"https:\/\/www.psychose-seminar.de\/?page_id=226","title":{"rendered":"Spirituelle und religi\u00f6se Elemente in der Psychose"},"content":{"rendered":"<p><b>Protokoll des Psychoseseminars vom 15.04.2009 von 19.00 \u2013 20.45 Uhr<\/b><\/p>\n<p>Protokollant\/in: Fr. Mischke<\/p>\n<p>Zun\u00e4chst erfolgt die Begr\u00fc\u00dfung des Auditoriums sowie der anwesenden G\u00e4ste Fr. Dr. Weikl (RKD) und Fr. Grab<\/p>\n<p>Es wurde mit einer Kartenabfrage begonnen, die wie folgt lautete:<\/p>\n<p><b>1.Welche religi\u00f6sen und spirituellen Elemente sind Ihnen in Ihrem Leben wichtig?<\/b><\/p>\n<p>Folgende pers\u00f6nliche Eindr\u00fccke und Erfahrungen wurden zusammengetragen:<\/p>\n<ul>\n<li>Gottesdienst- u. Kirchenbesuch, Gebete, Natur<\/li>\n<li>Ehrfurcht vor der Sch\u00f6pfung<\/li>\n<li>Meditation, Tanz, tiefe Entspannung, Stille<\/li>\n<li>Dehmutspfeife bei den Orgelbauten<\/li>\n<li>N\u00e4chstenliebe<\/li>\n<li>Gruppenabh\u00e4ngigkeit geschlossener Gruppen<\/li>\n<li>Fundamentalismus<\/li>\n<li>den Toten nah sein wollen<\/li>\n<li>Wer ist Gottvater? Wer ist die Gottesmutter?<\/li>\n<li>Dialog mit Gott<\/li>\n<li>Ganzheit, Vollkommenheit<\/li>\n<li>Ist nicht jeder Mensch auch ein Gott?<\/li>\n<li>Gibt es einen anderen Gott als den Sch\u00f6pfergott?<\/li>\n<li>Hoffnung<\/li>\n<li>Ich bin getauft<\/li>\n<li>Ehrlichkeit<\/li>\n<li>Glaube<\/li>\n<li>das Gef\u00fchl, gehalten zu werden<\/li>\n<li>Visionen, Hellsehen, Telephatie<\/li>\n<li>die Gemeinschaft erleben<\/li>\n<li>Jugendarbeit in der Kirche<\/li>\n<li>Innehalten, zu sich kommen und das Wort Gottes h\u00f6ren<\/li>\n<li>Religi\u00f6ses Erleben findet in bestimmten Gehirnregionen statt \u2013 diese k\u00f6nnen stimuliert werden. Religion macht dies durch den Rhitus<\/li>\n<\/ul>\n<p><b>2.Welche Karte, bzw. welcher Gedanke hat Sie beeindruckt? Was ist Ihnen aufgefallen?<\/b><\/p>\n<ul>\n<li>Es f\u00e4llt auf, dass die Gemeinschaft und das gemeinsame Erleben f\u00fcr viele Menschen wichtig sind \u2013 dadurch kann einen tiefere Begegnung zu anderen Menschen entstehen<\/li>\n<li>Religiosit\u00e4t\/Spiritualit\u00e4t bedeutet auch, dem Alltag ein St\u00fcck zu entr\u00fccken<\/li>\n<li>Manche Menschen haben ihren Sinn in der Religiosit\u00e4t gefunden und andere haben noch viele Fragen und\/oder sind noch auf der Suche<\/li>\n<li>Religiosit\u00e4t\/Spiritualit\u00e4t vermittelt Hoffnung<\/li>\n<li>Bei allen notierten Gedanken wird deutlich, dass wir in einer christliche gepr\u00e4gten Gesellschaft leben<\/li>\n<\/ul>\n<p><b>3.Woran erkennt man, dass Religiosit\u00e4t\/Spiritualit\u00e4t psychotische Formen annimmt? Hat jemand Erfahrung damit gemacht?<\/b><\/p>\n<ul>\n<li>Die Erfahrungen die man macht h\u00e4ngen sehr stark von den Erlebnissen ab die einen gepr\u00e4gt haben \u2013 meist basieren Visionen und Gedanken die man hat auf dieser Grundlage<\/li>\n<li>Als gute Erfahrung wurde ge\u00e4u\u00dfert, dass es hilft mit anderen Personen \u00fcber die Visionen und Gedanken zu sprechen um eine objektive Meinung zu bekommen<\/li>\n<li>Ob ein Verhalten als \u201epsychotische Episode\u201c gesehen wird h\u00e4ngt auch von dem Kontext ab in dem man sich befindet<\/li>\n<li>Wenn man es schafft das Erlebte in den Alltag zu integrieren kann man davon ausgehen, dass man sich im Rahmen der \u201eNormalit\u00e4t\u201c befindet.<\/li>\n<li>Bei nicht m\u00f6glicher Integration in den Alltag sollte man sich um professionelle Hilfe bem\u00fchen und diese annehmen \u2013 besonders, wenn man selbst oder andere darunter leiden<\/li>\n<li>Eine spirituelle Erfahrung ist meist von kurzer Dauer und man lebt weiter in der \u201erealen Wirklichkeit\u201c und versteht, dass das Erlebte eine \u201eBesonderheit\u201c war<\/li>\n<li>Erst wenn ich das Erlebte nicht ausreichend verarbeiten kann, k\u00f6nnte sich daraus eine psychotische Episode entwickeln<\/li>\n<\/ul>\n<p><b>4.Was kann man tun, wenn jemand diese Erfahrungen gerade macht?<\/b><\/p>\n<ul>\n<li>mit Freunden\/Bekannten oder anderen Vertrauenspersonen \u00fcber das Erlebte sprechen<\/li>\n<li>ggf. fach\u00e4rztliche Behandlung in Anspruch nehmen<\/li>\n<li>mit Fachleuten aus dem religi\u00f6sen\/spirituellen Bereich sprechen (Priester, Seelsorger, Beratungsstellen bei spirituellen Krisen z.B. S.E.N. \u2013 Netzwerk)<\/li>\n<li>therapeutische Hilfe annehmen, um das Erlebte zu verarbeiten<\/li>\n<li>beten<\/li>\n<\/ul>\n","protected":false},"excerpt":{"rendered":"<p>Protokoll des Psychoseseminars vom 15.04.2009 von 19.00 \u2013 20.45 Uhr Protokollant\/in: Fr. Mischke Zun\u00e4chst erfolgt die Begr\u00fc\u00dfung des Auditoriums sowie der anwesenden G\u00e4ste Fr. Dr. Weikl (RKD) und Fr. Grab Es wurde mit einer Kartenabfrage begonnen, die wie folgt lautete: 1.Welche religi\u00f6sen und spirituellen Elemente sind Ihnen in Ihrem Leben wichtig? Folgende pers\u00f6nliche Eindr\u00fccke und [&hellip;]<\/p>\n","protected":false},"author":2,"featured_media":0,"parent":14,"menu_order":-90,"comment_status":"closed","ping_status":"closed","template":"","meta":[],"_links":{"self":[{"href":"https:\/\/www.psychose-seminar.de\/index.php?rest_route=\/wp\/v2\/pages\/226"}],"collection":[{"href":"https:\/\/www.psychose-seminar.de\/index.php?rest_route=\/wp\/v2\/pages"}],"about":[{"href":"https:\/\/www.psychose-seminar.de\/index.php?rest_route=\/wp\/v2\/types\/page"}],"author":[{"embeddable":true,"href":"https:\/\/www.psychose-seminar.de\/index.php?rest_route=\/wp\/v2\/users\/2"}],"replies":[{"embeddable":true,"href":"https:\/\/www.psychose-seminar.de\/index.php?rest_route=%2Fwp%2Fv2%2Fcomments&post=226"}],"version-history":[{"count":0,"href":"https:\/\/www.psychose-seminar.de\/index.php?rest_route=\/wp\/v2\/pages\/226\/revisions"}],"up":[{"embeddable":true,"href":"https:\/\/www.psychose-seminar.de\/index.php?rest_route=\/wp\/v2\/pages\/14"}],"wp:attachment":[{"href":"https:\/\/www.psychose-seminar.de\/index.php?rest_route=%2Fwp%2Fv2%2Fmedia&parent=226"}],"curies":[{"name":"wp","href":"https:\/\/api.w.org\/{rel}","templated":true}]}}