{"id":153,"date":"2004-09-15T14:57:53","date_gmt":"2004-09-15T12:57:53","guid":{"rendered":"https:\/\/psychose-seminar.info\/?page_id=153"},"modified":"2004-09-15T14:57:53","modified_gmt":"2004-09-15T12:57:53","slug":"psychose-den-rueckfall-vermeiden","status":"publish","type":"page","link":"https:\/\/www.psychose-seminar.de\/?page_id=153","title":{"rendered":"Psychose \u2013 den R\u00fcckfall vermeiden!?"},"content":{"rendered":"<p><b>Protokoll des Psychoseseminars vom 15. September 2004<\/b><\/p>\n<p>Zuerst haben wir den Begriff Psychose beleuchtet. Arbeitsergebnisse waren u. a. Psychose ist das Verschwimmen von Scheinwelt und Realit\u00e4t. Jemand kann den Traum nicht mehr von der Wirklichkeit unterscheiden.<\/p>\n<p>Im Zustand einer Psychose kann Angst eine gro\u00dfe Rolle spielen. Die Angst kann sich dann auch \u00fcbertragen.<\/p>\n<p>Man \u00fcbertr\u00e4gt die eigenen \u00c4ngste und provoziert den R\u00fcckfall m\u00f6glicherweise. Die Psychose \u00fcbertr\u00e4gt sich nicht. D. h. die Angst selbst psychotisch zu werden ist unrealistisch.<\/p>\n<p>Die Kommunikation kann sehr schwierig sein. M\u00f6glicherweise schaltet ein Angeh\u00f6riger dann ab.<\/p>\n<p>Es kann eine tiefe Betroffenheit vorherrschen.<\/p>\n<p>Es kann passieren, dass man sich gegenseitig in eine Psychose hineinredet.<\/p>\n<p><b>Psychose \u2013 Fr\u00fchwarnsymptome<\/b><\/p>\n<ul>\n<li>Schlaflosigkeit<\/li>\n<li>Aufgedrehtsein<\/li>\n<li>Man f\u00fchlt sich bedroht oder sogar verfolgt<\/li>\n<li>Power ohne Ende<\/li>\n<li>Sie wei\u00df irgendwas stimmt nicht<\/li>\n<li>Verschmelzen von Realit\u00e4t und Phantasie<\/li>\n<li>Jede Psychose ist anders<\/li>\n<li>Die Regel ist, man ger\u00e4t in eine Psychose hinein und kommt ohne fremde Hilfe meist nicht mehr hinaus, jemand bleibt h\u00e4ngen.<\/li>\n<li>Unterschiedliches Erleben \u2013 jemand f\u00fchlt sich krank,<\/li>\n<li>Krankheitsuneinsichtigkeit<\/li>\n<\/ul>\n<p><b>Wie verh\u00e4lt man sich richtig?<\/b><\/p>\n<ul>\n<li>Nach dem Bauch man muss sich gut f\u00fchlen.<\/li>\n<\/ul>\n<p><b>Woran merkt man, dass jemand psychotisch ist?<\/b><\/p>\n<ul>\n<li>Wahnideen<\/li>\n<li>Halluzinationen<\/li>\n<li>Isolation<\/li>\n<li>Massiver Verlust der Belastbarkeit<\/li>\n<li>Vorlauf manchmal Jahre vorher<\/li>\n<\/ul>\n<p>Es gibt keinen Knopf der die Psychose ausl\u00f6st. Die Ausl\u00f6ser sind verschieden.<\/p>\n<p><b>Was haben Sie unternommen um den R\u00fcckfall zu vermeiden?<\/b><\/p>\n<ul>\n<li>Angeh\u00f6rige gibt richtungsweisende Infos (raten zum Klinikaufenthalt)<\/li>\n<li>Gespr\u00e4che sind nicht immer probat, k\u00f6nnen aber auch gut sein<\/li>\n<li>Auf Medikamenteneinnahme achten<\/li>\n<li>Koffeinfreier Kaffee mit viel Zucker<\/li>\n<li>Gespr\u00e4che \u00fcber die Krankheit<\/li>\n<li>Medikamente \u00e4ndern, Notfallmedikamente rechtzeitig \u00e4ndern (z. B. Schlaftablette nehmen (Tavor Expidet; Truxal)<\/li>\n<li>Hausbesuch<\/li>\n<\/ul>\n","protected":false},"excerpt":{"rendered":"<p>Protokoll des Psychoseseminars vom 15. September 2004 Zuerst haben wir den Begriff Psychose beleuchtet. Arbeitsergebnisse waren u. a. Psychose ist das Verschwimmen von Scheinwelt und Realit\u00e4t. Jemand kann den Traum nicht mehr von der Wirklichkeit unterscheiden. Im Zustand einer Psychose kann Angst eine gro\u00dfe Rolle spielen. Die Angst kann sich dann auch \u00fcbertragen. Man \u00fcbertr\u00e4gt [&hellip;]<\/p>\n","protected":false},"author":2,"featured_media":0,"parent":14,"menu_order":-55,"comment_status":"closed","ping_status":"closed","template":"","meta":[],"_links":{"self":[{"href":"https:\/\/www.psychose-seminar.de\/index.php?rest_route=\/wp\/v2\/pages\/153"}],"collection":[{"href":"https:\/\/www.psychose-seminar.de\/index.php?rest_route=\/wp\/v2\/pages"}],"about":[{"href":"https:\/\/www.psychose-seminar.de\/index.php?rest_route=\/wp\/v2\/types\/page"}],"author":[{"embeddable":true,"href":"https:\/\/www.psychose-seminar.de\/index.php?rest_route=\/wp\/v2\/users\/2"}],"replies":[{"embeddable":true,"href":"https:\/\/www.psychose-seminar.de\/index.php?rest_route=%2Fwp%2Fv2%2Fcomments&post=153"}],"version-history":[{"count":0,"href":"https:\/\/www.psychose-seminar.de\/index.php?rest_route=\/wp\/v2\/pages\/153\/revisions"}],"up":[{"embeddable":true,"href":"https:\/\/www.psychose-seminar.de\/index.php?rest_route=\/wp\/v2\/pages\/14"}],"wp:attachment":[{"href":"https:\/\/www.psychose-seminar.de\/index.php?rest_route=%2Fwp%2Fv2%2Fmedia&parent=153"}],"curies":[{"name":"wp","href":"https:\/\/api.w.org\/{rel}","templated":true}]}}