{"id":102,"date":"2000-12-20T07:43:05","date_gmt":"2000-12-20T05:43:05","guid":{"rendered":"https:\/\/psychose-seminar.info\/?page_id=102"},"modified":"2000-12-20T07:43:05","modified_gmt":"2000-12-20T05:43:05","slug":"kreativ-trotz-psychose-malen-tanzen-singen-schreiben","status":"publish","type":"page","link":"https:\/\/www.psychose-seminar.de\/?page_id=102","title":{"rendered":"Kreativ trotz Psychose: malen, tanzen, singen, schreiben&#8230;"},"content":{"rendered":"<p><b>Psychoseseminar 20. Dez. 2000<\/b><\/p>\n<p><b>Ablauf:<\/b><\/p>\n<p>Begr\u00fcssung (evtl. Vorstellung des Psychoseseminars)<\/p>\n<p>1. Was haben Sie erlebt mit Ihrer Kreativit\u00e4t im Zusammenhang mit Psychose, sei es als Psychose-Erfahrene\/r, Angeh\u00f6rige\/r oder Profi?<\/p>\n<p>Hinweis: Wertsch\u00e4tzung und W\u00fcrdigung der Kreativit\u00e4t der\/des jeweils anderen ist wichtig.<\/p>\n<p>2. Welche Bedeutung hat\/hatte die Kreativit\u00e4t im Verlauf der Erkrankung?<\/p>\n<p>Sind Ver\u00e4nderungen vorgekommen?<\/p>\n<p><b>Wichtige \u00dcberlegungen zum Thema:<\/b><\/p>\n<p><b>Kreativit\u00e4t<\/b><\/p>\n<ul>\n<li>als Ausdruck von Konflikten<\/li>\n<li>als Ventil\/Entlastung<\/li>\n<li>als Inhalt (Sinn des Lebens)<\/li>\n<li>als Teil der Tagesstruktur<\/li>\n<li>als Gemeinschaftserlbenis<\/li>\n<li>als Rahmen f\u00fcr Gef\u00fchle, um sie zu kanalisieren<\/li>\n<li>Angst vor erneutem psychotischem Schub, der durch kreatives Gestalten ausgel\u00f6st werden k\u00f6nnte<\/li>\n<li>Kreativit\u00e4t im Schonraum in einer Schonzeit<\/li>\n<\/ul>\n<p>P a u s e<\/p>\n<p>Jahresr\u00fcckblick &#8211; was war gut, was war verbesserungswert?<\/p>\n<p>Themen f\u00fcr 2001<\/p>\n<p>Verabschiedung<\/p>\n<p>Material usw. mitnehmen:<\/p>\n<ul>\n<li>Filzstifte, Kreppband, Wandzeitungspapier<\/li>\n<li>alte Themen aus 2000<\/li>\n<li>bereits gesammelte Themen f\u00fcr 2001<\/li>\n<\/ul>\n<p><b>Ergebnisse:<\/b><\/p>\n<p>R\u00fcckblick auf 2000:<\/p>\n<ul>\n<li>Themen alle interessant, besonders Drogenthemen, gerade auch mit Profis<\/li>\n<li>methodisch wurde schriftliche Eigenbeteiligung hervorgehoben<\/li>\n<\/ul>\n","protected":false},"excerpt":{"rendered":"<p>Psychoseseminar 20. Dez. 2000 Ablauf: Begr\u00fcssung (evtl. Vorstellung des Psychoseseminars) 1. Was haben Sie erlebt mit Ihrer Kreativit\u00e4t im Zusammenhang mit Psychose, sei es als Psychose-Erfahrene\/r, Angeh\u00f6rige\/r oder Profi? Hinweis: Wertsch\u00e4tzung und W\u00fcrdigung der Kreativit\u00e4t der\/des jeweils anderen ist wichtig. 2. Welche Bedeutung hat\/hatte die Kreativit\u00e4t im Verlauf der Erkrankung? Sind Ver\u00e4nderungen vorgekommen? Wichtige \u00dcberlegungen [&hellip;]<\/p>\n","protected":false},"author":2,"featured_media":0,"parent":14,"menu_order":-32,"comment_status":"closed","ping_status":"closed","template":"","meta":[],"_links":{"self":[{"href":"https:\/\/www.psychose-seminar.de\/index.php?rest_route=\/wp\/v2\/pages\/102"}],"collection":[{"href":"https:\/\/www.psychose-seminar.de\/index.php?rest_route=\/wp\/v2\/pages"}],"about":[{"href":"https:\/\/www.psychose-seminar.de\/index.php?rest_route=\/wp\/v2\/types\/page"}],"author":[{"embeddable":true,"href":"https:\/\/www.psychose-seminar.de\/index.php?rest_route=\/wp\/v2\/users\/2"}],"replies":[{"embeddable":true,"href":"https:\/\/www.psychose-seminar.de\/index.php?rest_route=%2Fwp%2Fv2%2Fcomments&post=102"}],"version-history":[{"count":0,"href":"https:\/\/www.psychose-seminar.de\/index.php?rest_route=\/wp\/v2\/pages\/102\/revisions"}],"up":[{"embeddable":true,"href":"https:\/\/www.psychose-seminar.de\/index.php?rest_route=\/wp\/v2\/pages\/14"}],"wp:attachment":[{"href":"https:\/\/www.psychose-seminar.de\/index.php?rest_route=%2Fwp%2Fv2%2Fmedia&parent=102"}],"curies":[{"name":"wp","href":"https:\/\/api.w.org\/{rel}","templated":true}]}}